{"id":7,"date":"2009-08-05T21:03:57","date_gmt":"2009-08-05T19:03:57","guid":{"rendered":"http:\/\/www.smety.cz\/vkkralupy\/?page_id=7"},"modified":"2026-04-14T05:01:57","modified_gmt":"2026-04-14T04:01:57","slug":"dochazka","status":"publish","type":"page","link":"https:\/\/old.vkkralupy.cz\/index.php\/dochazka\/","title":{"rendered":"v\u0161echny       z\u00e1pasy"},"content":{"rendered":"<p>I<\/p>\n<table style=\"height: 510px; width: 80.7903%; border-style: solid; border-color: #0e730a;\" border=\"1\">\n<tbody>\n<tr style=\"height: 24px;\">\n<td style=\"text-align: center; height: 24px; width: 167.283%;\" colspan=\"6\"><span style=\"color: #ff00ff;\"><strong>Sezona 2025 \/ 2026 &#8211;<\/strong> Z\u00c1PASY <\/span><\/p>\n<p style=\"text-align: left;\">&nbsp;<\/p>\n<\/td>\n<\/tr>\n<tr style=\"height: 39px;\">\n<td style=\"text-align: left; height: 39px; width: 167.283%;\" colspan=\"6\"><span style=\"background-color: #ffff00;\">&nbsp;<\/span><\/td>\n<\/tr>\n<tr style=\"height: 38px;\">\n<td style=\"width: 7.84897%; height: 38px; text-align: center;\"><strong>den<\/strong><\/td>\n<td style=\"width: 9.2383%; height: 38px; text-align: center;\">&nbsp;<\/td>\n<td style=\"width: 18.962%; height: 38px; text-align: center;\"><span style=\"color: #993366;\"><strong>\u017den<span style=\"color: #993300;\">y<\/span><\/strong><\/span><\/td>\n<td style=\"width: 28.5119%; height: 38px; text-align: center;\"><span style=\"color: #ff0000;\"><strong>U20<\/strong><\/span><\/td>\n<td style=\"width: 15.2291%; height: 38px; text-align: center;\"><strong><span style=\"color: #ff00ff;\">&nbsp;U 18<\/span><\/strong><\/td>\n<td style=\"width: 87.4926%; text-align: center; height: 38px;\"><span style=\"color: #339966;\"><strong>U16<\/strong><\/span><\/td>\n<\/tr>\n<tr style=\"height: 24px;\">\n<td style=\"width: 7.84897%; height: 24px;\"><span style=\"background-color: #ffffff;\">19.4<\/span><\/td>\n<td style=\"width: 9.2383%; text-align: center; height: 24px;\"><span style=\"background-color: #ffffff;\">Ne<\/span><\/td>\n<td style=\"width: 18.962%; text-align: center; height: 24px;\">&nbsp;<\/td>\n<td style=\"width: 28.5119%; text-align: center; height: 24px;\">&nbsp;<\/td>\n<td style=\"width: 15.2291%; height: 24px; text-align: center;\"><span style=\"color: #ff00ff;\">Fr\u00fddek -Kpy 10:00<\/span><\/td>\n<td style=\"width: 87.4926%; text-align: center; height: 24px;\"><span style=\"color: #008080;\">&nbsp;<\/span><\/td>\n<\/tr>\n<tr style=\"height: 24px;\">\n<td style=\"width: 7.84897%; height: 24px;\"><span style=\"background-color: #ffffff;\">25.4<\/span><\/td>\n<td style=\"width: 9.2383%; text-align: center; height: 24px;\"><span style=\"background-color: #ffffff;\">So<\/span><\/td>\n<td style=\"width: 18.962%; text-align: center; height: 24px;\">&nbsp;<\/td>\n<td style=\"width: 28.5119%; height: 24px;\"><span style=\"background-color: #ffffff;\">&nbsp;<\/span><\/td>\n<td style=\"width: 15.2291%; height: 24px;\">&nbsp;<\/td>\n<td style=\"width: 87.4926%; text-align: center; height: 24px;\"><span style=\"color: #008080;\">kvalifikace M\u010cR Pha<\/span><\/td>\n<\/tr>\n<tr style=\"height: 24px;\">\n<td style=\"width: 7.84897%; height: 24px;\"><span style=\"background-color: #ffffff;\">26.4<\/span><\/td>\n<td style=\"width: 9.2383%; text-align: center; height: 24px;\"><span style=\"background-color: #ffffff;\">Ne<\/span><\/td>\n<td style=\"width: 18.962%; text-align: center; height: 24px;\">&nbsp;<\/td>\n<td style=\"width: 28.5119%; height: 24px;\"><span style=\"background-color: #ffffff;\">&nbsp;<\/span><\/td>\n<td style=\"width: 15.2291%; height: 24px; text-align: center;\">&nbsp;<\/td>\n<td style=\"width: 87.4926%; text-align: center; height: 24px;\"><span style=\"color: #008080;\">kvalifikace M\u010cR Pha<\/span><\/td>\n<\/tr>\n<tr style=\"height: 27px;\">\n<td style=\"width: 7.84897%; height: 27px;\"><span style=\"background-color: #ffffff;\">30-3.5<\/span><\/td>\n<td style=\"width: 9.2383%; text-align: center; height: 27px;\"><span style=\"background-color: #ffffff;\">\u010c<\/span><span style=\"background-color: #ffffff;\">t-Ne<\/span><\/td>\n<td style=\"width: 18.962%; text-align: center; height: 27px;\">&nbsp;<\/td>\n<td style=\"width: 28.5119%; height: 27px;\"><span style=\"background-color: #ffffff;\">&nbsp;<\/span><\/td>\n<td style=\"width: 15.2291%; text-align: center; height: 27px;\"><span style=\"color: #ff00ff;\">&nbsp;<\/span><\/td>\n<td style=\"width: 87.4926%; text-align: center; height: 27px;\"><span style=\"color: #008080;\">turnaj Slovensko Komarno<\/span><\/td>\n<\/tr>\n<tr style=\"height: 24px;\">\n<td style=\"width: 7.84897%; height: 24px;\"><span style=\"background-color: #ffffff;\">8.5<\/span><\/td>\n<td style=\"width: 9.2383%; text-align: center; height: 24px;\"><span style=\"background-color: #ffffff;\">Pa<\/span><\/td>\n<td style=\"width: 18.962%; text-align: center; height: 24px;\">&nbsp;<\/td>\n<td style=\"width: 28.5119%; height: 24px;\"><span style=\"background-color: #ffffff;\">&nbsp;<\/span><\/td>\n<td style=\"width: 15.2291%; text-align: center; height: 24px;\">&nbsp;<\/td>\n<td style=\"width: 87.4926%; text-align: center; height: 24px;\"><span style=\"color: #008080;\">&nbsp;<\/span><\/td>\n<\/tr>\n<tr style=\"height: 24px;\">\n<td style=\"width: 7.84897%; height: 24px;\"><span style=\"background-color: #ffffff;\">9.5<\/span><\/td>\n<td style=\"width: 9.2383%; text-align: center; height: 24px;\"><span style=\"background-color: #ffffff;\">So<\/span><\/td>\n<td style=\"width: 18.962%; text-align: center; height: 24px;\">&nbsp;<\/td>\n<td style=\"width: 28.5119%; height: 24px;\"><span style=\"background-color: #ffffff;\">&nbsp;<\/span><\/td>\n<td style=\"width: 15.2291%; text-align: center; height: 24px;\">&nbsp;<\/td>\n<td style=\"width: 87.4926%; text-align: center; height: 24px;\"><span style=\"color: #008080;\">&nbsp;<\/span><\/td>\n<\/tr>\n<tr style=\"height: 24px;\">\n<td style=\"width: 7.84897%; height: 24px;\"><span style=\"background-color: #ffffff;\">10.5<\/span><\/td>\n<td style=\"width: 9.2383%; text-align: center; height: 24px;\"><span style=\"background-color: #ffffff;\">Ne<\/span><\/td>\n<td style=\"width: 18.962%; text-align: center; height: 24px;\">&nbsp;<\/td>\n<td style=\"width: 28.5119%; height: 24px;\"><span style=\"background-color: #ffffff;\">&nbsp;<\/span><\/td>\n<td style=\"width: 15.2291%; text-align: center; height: 24px;\">&nbsp;<\/td>\n<td style=\"width: 87.4926%; text-align: center; height: 24px;\"><span style=\"color: #008080;\">&nbsp;<\/span><\/td>\n<\/tr>\n<tr style=\"height: 24px;\">\n<td style=\"width: 7.84897%; height: 24px;\"><span style=\"background-color: #ffffff;\">&nbsp;22.5<\/span><\/td>\n<td style=\"width: 9.2383%; text-align: center; height: 24px;\"><span style=\"background-color: #ffffff;\">Pa&nbsp;<\/span><\/td>\n<td style=\"width: 18.962%; text-align: center; height: 24px;\">&nbsp;<\/td>\n<td style=\"width: 28.5119%; height: 24px;\"><span style=\"background-color: #ffffff;\">&nbsp;<\/span><\/td>\n<td style=\"width: 15.2291%; height: 24px;\">&nbsp;<\/td>\n<td style=\"width: 87.4926%; text-align: center; height: 24px;\"><span style=\"color: #008080;\">M\u010cR&nbsp; P\u0159erov<\/span><\/td>\n<\/tr>\n<tr style=\"height: 24px;\">\n<td style=\"width: 7.84897%; height: 24px;\"><span style=\"background-color: #ffffff;\">&nbsp;23.5<\/span><\/td>\n<td style=\"width: 9.2383%; text-align: center; height: 24px;\"><span style=\"background-color: #ffffff;\">&nbsp;So<\/span><\/td>\n<td style=\"width: 18.962%; text-align: center; height: 24px;\">&nbsp;<\/td>\n<td style=\"width: 28.5119%; height: 24px;\"><span style=\"background-color: #ffffff;\">&nbsp;<\/span><\/td>\n<td style=\"width: 15.2291%; height: 24px;\">&nbsp;<\/td>\n<td style=\"width: 87.4926%; text-align: center; height: 24px;\"><span style=\"color: #008080;\">M\u010cR&nbsp; P\u0159erov<\/span><\/td>\n<\/tr>\n<tr style=\"height: 24px;\">\n<td style=\"width: 7.84897%; height: 24px;\"><span style=\"background-color: #ffffff;\">&nbsp;24.5<\/span><\/td>\n<td style=\"width: 9.2383%; text-align: center; height: 24px;\"><span style=\"background-color: #ffffff;\">&nbsp;Ne<\/span><\/td>\n<td style=\"width: 18.962%; text-align: center; height: 24px;\">&nbsp;<\/td>\n<td style=\"width: 28.5119%; height: 24px;\"><span style=\"background-color: #ffffff;\">&nbsp;<\/span><\/td>\n<td style=\"width: 15.2291%; height: 24px;\">&nbsp;<\/td>\n<td style=\"width: 87.4926%; height: 24px; text-align: center;\"><span style=\"color: #008080;\">M\u010cR&nbsp; P\u0159erov<\/span><\/td>\n<\/tr>\n<tr style=\"height: 24px;\">\n<td style=\"width: 7.84897%; height: 24px;\"><span style=\"background-color: #ffffff;\">6.6<\/span><\/td>\n<td style=\"width: 9.2383%; text-align: center; height: 24px;\"><span style=\"background-color: #ffffff;\">So<\/span><\/td>\n<td style=\"width: 18.962%; text-align: center; height: 24px;\">&nbsp;<\/td>\n<td style=\"width: 28.5119%; height: 24px;\"><span style=\"background-color: #ffffff;\">turnaj Machanka<\/span><\/td>\n<td style=\"width: 15.2291%; height: 24px;\">turnaj Machanka<\/td>\n<td style=\"width: 87.4926%; text-align: center; height: 24px;\"><span style=\"color: #008080;\">turnaj Machanka<\/span><\/td>\n<\/tr>\n<tr>\n<td style=\"width: 7.84897%;\"><span style=\"background-color: #ffffff;\">13.6<\/span><\/td>\n<td style=\"width: 9.2383%; text-align: center;\"><span style=\"background-color: #ffffff;\">So<\/span><\/td>\n<td style=\"width: 18.962%; text-align: center;\">&nbsp;<\/td>\n<td style=\"width: 28.5119%;\"><span style=\"background-color: #ffffff;\">&nbsp;<\/span><\/td>\n<td style=\"width: 15.2291%;\">&nbsp;<\/td>\n<td style=\"width: 87.4926%; text-align: center;\"><span style=\"color: #008080;\">Turnaj<\/span><\/td>\n<\/tr>\n<tr style=\"height: 24px;\">\n<td style=\"width: 7.84897%; height: 24px;\"><span style=\"background-color: #ffffff;\">3-7.8<\/span><\/td>\n<td style=\"width: 9.2383%; text-align: center; height: 24px;\"><span style=\"background-color: #ffffff;\">Po &#8211; Pa<\/span><\/td>\n<td style=\"width: 18.962%; text-align: center; height: 24px;\">&nbsp;<\/td>\n<td style=\"width: 28.5119%; height: 24px;\"><span style=\"background-color: #ffffff;\">kondi\u010dn\u00ed Kpy<\/span><\/td>\n<td style=\"width: 15.2291%; height: 24px;\">kondi\u010dn\u00ed Kpy<\/td>\n<td style=\"width: 87.4926%; text-align: center; height: 24px;\"><span style=\"color: #008080;\">kondi\u010dn\u00ed Kpy<\/span><\/td>\n<\/tr>\n<tr style=\"height: 24px;\">\n<td style=\"width: 7.84897%; height: 24px;\"><span style=\"background-color: #ffffff;\">10 &#8211; 14.8<\/span><\/td>\n<td style=\"width: 9.2383%; text-align: center; height: 24px;\"><span style=\"background-color: #ffffff;\">Po &#8211; Pa<\/span><\/td>\n<td style=\"width: 18.962%; text-align: center; height: 24px;\">&nbsp;<\/td>\n<td style=\"width: 28.5119%; height: 24px;\"><span style=\"background-color: #ffffff;\">kondi\u010dn\u00ed Kpy<\/span><\/td>\n<td style=\"width: 15.2291%; height: 24px;\">kondi\u010dn\u00ed Kpy<\/td>\n<td style=\"width: 87.4926%; text-align: center; height: 24px;\"><span style=\"color: #008080;\">kondi\u010dn\u00ed Kpy<\/span><\/td>\n<\/tr>\n<tr style=\"height: 24px;\">\n<td style=\"width: 7.84897%; height: 24px;\"><span style=\"background-color: #ffffff;\">15-22.8<\/span><\/td>\n<td style=\"width: 9.2383%; text-align: center; height: 24px;\"><span style=\"background-color: #ffffff;\">So -So&nbsp;<\/span><\/td>\n<td style=\"width: 18.962%; text-align: center; height: 24px;\">&nbsp;<\/td>\n<td style=\"width: 28.5119%; height: 24px;\"><span style=\"background-color: #ffffff;\">&nbsp;Chvaletice<\/span><\/td>\n<td style=\"width: 15.2291%; height: 24px;\"><span style=\"background-color: #ffffff;\">Chvaletice<\/span><\/td>\n<td style=\"width: 87.4926%; text-align: center; height: 24px;\"><span style=\"color: #008080;\"><span style=\"background-color: #ffffff;\">Chvaletice<\/span>&nbsp;<\/span><\/td>\n<\/tr>\n<\/tbody>\n<\/table>\n<p>&nbsp;<\/p>\n<p>&nbsp;<\/p>\n","protected":false},"excerpt":{"rendered":"<p>I Sezona 2025 \/ 2026 &#8211; Z\u00c1PASY &nbsp; &nbsp; den &nbsp; \u017deny U20 &nbsp;U 18 U16 19.4 Ne &nbsp; &nbsp; Fr\u00fddek -Kpy 10:00 &nbsp; 25.4 So &nbsp; &nbsp; &nbsp; kvalifikace M\u010cR Pha 26.4 Ne &nbsp; &nbsp; &nbsp; kvalifikace M\u010cR Pha 30-3.5 \u010ct-Ne &nbsp; &nbsp; &nbsp; turnaj Slovensko Komarno 8.5 Pa &nbsp; &nbsp; &nbsp; &nbsp; 9.5 [&hellip;]<\/p>\n","protected":false},"author":1,"featured_media":0,"parent":0,"menu_order":0,"comment_status":"closed","ping_status":"closed","template":"","meta":{"ngg_post_thumbnail":0,"footnotes":""},"class_list":["post-7","page","type-page","status-publish","hentry"],"_links":{"self":[{"href":"https:\/\/old.vkkralupy.cz\/index.php\/wp-json\/wp\/v2\/pages\/7","targetHints":{"allow":["GET"]}}],"collection":[{"href":"https:\/\/old.vkkralupy.cz\/index.php\/wp-json\/wp\/v2\/pages"}],"about":[{"href":"https:\/\/old.vkkralupy.cz\/index.php\/wp-json\/wp\/v2\/types\/page"}],"author":[{"embeddable":true,"href":"https:\/\/old.vkkralupy.cz\/index.php\/wp-json\/wp\/v2\/users\/1"}],"replies":[{"embeddable":true,"href":"https:\/\/old.vkkralupy.cz\/index.php\/wp-json\/wp\/v2\/comments?post=7"}],"version-history":[{"count":1248,"href":"https:\/\/old.vkkralupy.cz\/index.php\/wp-json\/wp\/v2\/pages\/7\/revisions"}],"predecessor-version":[{"id":29321,"href":"https:\/\/old.vkkralupy.cz\/index.php\/wp-json\/wp\/v2\/pages\/7\/revisions\/29321"}],"wp:attachment":[{"href":"https:\/\/old.vkkralupy.cz\/index.php\/wp-json\/wp\/v2\/media?parent=7"}],"curies":[{"name":"wp","href":"https:\/\/api.w.org\/{rel}","templated":true}]}}